u(2).
4
Let a be (-3 + 1)*(0/3 + -1). Let c(k) = 3*k**2 - 4*k + 3. Give c(a).
7
Let k = -13 - -16. Let g(u) = 27*u**3 - 3*u**2 + 6*u**2 - 11*u**3 - 17*u**k. What is g(3)?
0
Suppose -2*x + 3*b + 10 = 0, -2*x + 4*b = 6*b + 10. Suppose 2*r = r - 2. Let d = r - x. Let w(j) = -2*j**2 + 2*j + 1. What is w(d)?
-3
Let v(a) = 2*a**2 - 4*a + 1. Suppose 0 = 4*g + 4 - 20. Suppose 6*f = g*f + 6. What is v(f)?
7
Let d(r) = -3*r**2 + r - 2. Let s(t) = -4*t**2 - 2. Let m(b) = 5*d(b) - 4*s(b). Determine m(-6).
4
Let k be (-1)/3 + 20/6. Let u(v) be the second derivative of -1/6*v**4 - 5/6*v**3 + 0 + 1/20*v**5 - v + 2*v**2. Calculate u(k).
-2
Let v(u) be the first derivative of -u**3/3 - u**2/2 + 2*u - 12. Give v(-4).
-10
Let u(y) = 2*y. Let o be u(-3). Let m(a) be the third derivative of a**4/12 + 2*a**3/3 - a**2. Calculate m(o).
-8
Let l(g) = -1 - 3*g**2 - 2*g**2 + 4*g**2 + 9 - 4*g. What is l(-8)?
-24
Let q(y) be the first derivative of 3*y**3 - y - 1. Let p(k) = k**3 - 5*k**2 + 5*k - 3. Suppose -8*l = -7*l - 4. Let s be p(l). Give q(s).
8
Let v(q) = q**2 - 3*q. Suppose -a + 6 = a. Let p = 5 - a. Suppose -p*t + 6 = -0*t. Calculate v(t).
0
Let l(j) = j - 3. Suppose -3*z + 20 = s, -13 = 4*s + 5*z - 128. Suppose 2*t - 7*t = -s. What is l(t)?
4
Let j(c) = c + 10. Suppose 4*s + 66 = 5*r, -4*r + 2*s = -r - 40. Let g = r + -14. What is j(g)?
10
Let b(k) be the second derivative of k**4/3 + k**3/3 - k**2/2 + 3*k. Suppose -1 + 0 = -y. Determine b(y).
5
Let h(z) = 89 - 93 - z**3 - 7*z**2 - 8*z - 2*z**2. What is h(-8)?
-4
Suppose -k = -0 - 6. Let c(p) = -p + 8. Let m be c(k). Let j(v) = 2 + 1 - 6 - v + v**m. What is j(-3)?
9
Let c(p) = p - 5. Let d be c(6). Let m(q) = 2*q - 6*q + 2*q + 0*q - d. Calculate m(-4).
7
Let h(c) = -c**3 - 5*c**2 - c - 3. Suppose -2*v + 6 = -2*k, -12 = -5*v + k + 11. Suppose v*m - 6*f + 2*f = -5, 0 = -m - f - 10. What is h(m)?
2
Let r = 7 - 5. Let l(h) = -3*h - 1 + r - 3. What is l(-2)?
4
Suppose -7*f = -2*f - 4*x - 13, 3*f - 13 = 5*x. Let l be ((0 - -3) + -3)/f. Suppose l = -j - 6 + 2, 2*j + 3 = 5*t. Let y(u) = -5*u**2 + 2*u + 1. Give y(t).
-6
Let w(g) = -g - 2. Let v(y) = -4*y**2 - 1. Suppose 3*t - 4 = 7*t. Let r be v(t). Calculate w(r).
3
Let a(w) = -w + 2. Suppose 0 = 4*p + p - 120. Let u(d) = 2*d - 27. Let s be u(16). Suppose s*g = -6 - p. Give a(g).
8
Let b(h) = h**3 + 6. Let n(w) = 1. Let g(d) = -b(d) - 3*n(d). What is g(0)?
-9
Let f(l) = 5*l - l + 4 - 2*l - 4*l. Determine f(6).
-8
Let j(i) = -i**3 - 3*i**2 + 4*i - 3. Let k be j(-4). Let t(z) = -2*z + 7 - 12 + 1. Calculate t(k).
2
Let x(o) be the third derivative of -1/30*o**5 + 0*o + 0 - 2*o**2 - 1/3*o**3 + 1/12*o**4. Let a = -6 + 8. What is x(a)?
-6
Let n be (7 + -3)*36/48. Let i(g) = -4*g**2 + 2*g + 3. Let b(y) = -y**2 + y. Let u(x) = 3*b(x) - i(x). Calculate u(n).
9
Let l(r) = 7*r**2 - 10*r - 18. Let i(u) = -10*u**2 + 15*u + 27. Let q(v) = 5*i(v) + 7*l(v). What is q(7)?
-5
Suppose -4 = i - 2*w - 1, 5*w + 15 = -5*i. Let m(j) = j**2 + 2*j - 1. Give m(i).
2
Let l = 13 + -8. Let r = 6 - l. Let k(o) = o - 1. Let y(q) = 7*q + 4. Let z(t) = -3*k(t) - y(t). Give z(r).
-11
Let d(w) = -3*w - 6. Let f be (0 + 1)/((-1)/(-8)). Let r be (2 + 1/(-1))*0. Suppose r = 2*n + f - 0. Calculate d(n).
6
Let k(z) = 2*z**2 + 4*z - 1. Suppose 4*p + 11 = -1. Determine k(p).
5
Let y(j) = j**2 + 2*j**2 + 71*j**3 - 4 + 65*j**3 - 4*j - 135*j**3. Calculate y(-4).
-4
Suppose -1 = 3*i - 4. Let k(a) = -i + 0*a - 3*a - a + 4*a**2 - a**3. What is k(3)?
-4
Let l(t) = -t + 1. Let r(g) = 7. Let x(n) = -2*l(n) + r(n). Determine x(-9).
-13
Let a(q) = -q + 1. Suppose 0 = 3*b - 6*b + 9. Suppose -3*z - 2*z = -5*h, 8 = -5*h - b*z. Calculate a(h).
2
Let b(q) = -q - 1. Let p be b(-2). Suppose -5*l = -5*k + 40, 6 = 5*k + 2*l + 1. Let o = k - p. Let n(d) = -d - 2. Give n(o).
-4
Let t(m) = -4 + 2*m**2 + 4*m**3 + 4*m**3 - 9*m**3 + 5. Determine t(3).
-8
Let i(n) be the second derivative of -n**4/12 + 4*n**3/3 - 3*n**2/2 - 2*n. Determine i(6).
9
Let i(u) = -4*u + 1. Suppose 5*n - 3*w + 22 = 0, 26 = -5*n - 0*w - w. Give i(n).
21
Let m = 20 + -17. Suppose 3*d - 14 = -t - 2*d, m*t - 4*d = -15. Let z(r) = 5*r**2 + r. Give z(t).
4
Let w(m) be the first derivative of -m**5/20 - m**4/3 - m**2 - 3*m + 2. Let i(c) be the first derivative of w(c). Give i(-4).
-2
Let f(b) be the first derivative of b**2/2 - 12*b + 14. Calculate f(0).
-12
Let r(q) be the first derivative of -q**3/3 - q**2/2 + 2*q + 1. Suppose 0*w + 4*w - 14 = 2*u, -5*w - 4*u - 2 = 0. Let n = -4 + w. What is r(n)?
0
Suppose -3*j + j = 0. Suppose 0 = -m + 3*d + 10, j*m + d + 8 = 5*m. Let k(v) = -3*v + 1. Determine k(m).
-2
Let z(c) = -2 - 3 - c**3 + 4 + 7*c**2. Let j be z(6). Let f be 45/j + 4/(-14). Let h(m) = 3*m**3 + m. Give h(f).
4
Let y(z) be the first derivative of z**4/4 - z**3/3 + 3*z**2/2 - 3*z + 4. Calculate y(2).
7
Let z(r) = -6*r - 15. Let u(k) = -3*k - 8. Let j(f) = -11*u(f) + 6*z(f). Let o(t) = -9*t - 6. Let h(x) = 7*j(x) - 2*o(x). Give h(2).
-8
Suppose 0 = 5*q, -q + 7 = 3*l - 17. Suppose 0 = 2*p - 10, 0 = 5*k + 3*p - 17 - l. Let g(o) = -3*o**2 + 2*o + 2. Determine g(k).
-6
Let j(p) be the third derivative of -p**4/6 + 2*p**3/3 + 2*p**2 - 21. Give j(-5).
24
Let f(g) = 6*g - 2*g**3 - 9*g**2 + 3*g**2 + 3*g**3. Calculate f(5).
5
Let k(r) = -3*r + 5*r - 2 + 0. Give k(2).
2
Let x(z) be the first derivative of -z**3/3 + 3*z**2 + z + 7. Give x(3).
10
Let m(t) = t. Let d(k) = -6*k - 10. Let i(h) = d(h) + 4*m(h). Determine i(-7).
4
Let v(n) = -n - 5. Let g be (3 - (-10)/(-4))*-8. Calculate v(g).
-1
Suppose 6 = 4*p - 2. Suppose 3*k + p*d = -d + 24, 3*d = 12. Let f(z) be the second derivative of z**4/12 - z**3/3 - z**2/2 - z. Determine f(k).
7
Let o = -132 - -134. Let y(u) be the first derivative of 3*u**2/2 - 3*u + 1. Give y(o).
3
Let k be 0/(-6*(-2)/(-4)). Let u(w) = -w + 1. Calculate u(k).
1
Let c(t) = t**3 - t + 7. Suppose 2*v - 19 - 3 = -4*r, -r + 7 = v. Let w(n) = 3*n + 11. Let k be w(-5). Let y = r + k. Determine c(y).
7
Suppose 4*y + 5*f = 3 - 20, -y = f + 3. Let c(s) = -3*s**3 - 2 + 3*s**2 + 2*s**3 + s**y - 3*s**2. What is c(2)?
-6
Suppose -f - 15 = -2*j - 2, f - 15 = -5*j. Let h(a) = -a**3 - a + 6*a**2 + 6 - 2*a - 2*a**2. What is h(j)?
-6
Let h(v) = 1 - v**2 + 0 + 6*v**3 + 0 - v. Let c = -7 - -8. Calculate h(c).
5
Let d(h) = -h**2 - h + 3. Let x(r) = -r**2 - r + 4. Let g(z) = -4*d(z) + 3*x(z). Let w(p) = 6*p**2 - 3*p + 5. Let a(j) = -5*g(j) + w(j). Give a(5).
-10
Let d(m) be the third derivative of m**9/60480 - m**8/3360 + m**7/5040 - m**6/90 + m**5/30 + 2*m**2. Let p(a) be the third derivative of d(a). Give p(6).
-2
Let x(d) = -9*d**2 + 4*d + 15. Let f(g) = -5*g**2 + 2*g + 8. Let r(t) = 7*f(t) - 4*x(t). Let y be r(4). Let a(n) = -n**3 + 3*n**2 + 5*n - 5. Give a(y).
-1
Let d be -1*((-5 - -3) + -1). Suppose d*f - 10 = -2*f. Let h(z) = z**3 + z**2 - z + 1. Calculate h(f).
11
Let y(h) be the second derivative of -1/2*h**2 - 5/6*h**3 - 4*h + 0. What is y(-1)?
4
Let f(x) = -4*x**2 + 7*x - 1. Let g(h) = 5*h**2 - 8*h. Let l(y) = 6*f(y) + 5*g(y). Calculate l(-5).
9
Let y be (-2 - -20) + (2 - 0). Suppose -4*g + 0*g - 3*h = -12, y = -5*h. Suppose g = 3*c - 6. Let q(u) = u**2 - 3*u - 3. Give q(c).
1
Let p(m) = -m - 4. Let f(v) = v - 3. Let o be f(3). Suppose -5*w + w + 16 = o. Calculate p(w).
-8
Let y(j) be the third derivative of -1/120*j**6 - 1/60*j**5 + 1/8*j**4 + 0*j - j**2 + 1/6*j**3 + 0. Determine y(-2).
-1
Let r = 15 - 11. Let t(w) = 0*w**2 + w - r - 2*w**2 + w**2 + w. Determine t(3).
-7
Let t(z) = z**2 - 12*z + 5. Let c(n) = -3*n**2 + 35*n - 14. Let j(i) = 4*c(i) + 11*t(i). What is j(7)?
6
Let g be 1*(-1 + -2)/(-1). Let t(x) = -3*x - 6. Let n(j) = -4*j - 6. Let u(l) = g*t(l) - 2*n(l). Suppose -14 = 3*f + 4. Determine u(f).
0
Let t(a) = -13*a + 17. Let v(c) = -7*c + 9. Let r(q) = 6*t(q) - 11*v(q). Suppose y = -0*y - 99. Let i be ((-2)/(-3))/((-22)/y). Give r(i).
0
Let h(a) be the third derivative of -a**6/120 - a**5/12 + a**4/3 + a**3 + a**2. Suppose 92 = -13*v + 14. Determine h(v).
-6
Let l(o) be the first derivative of o**6/120 + o**5/60 - o**4/12 - 4*o**3/3 - 3. Let b(f) be the third derivative of l(f). Let x be 4/(-10)*1*5. What is b(x)?
6
Let b(a) be the second derivative of 0 + 1/6*a**3 + 0*a**2 + 3*a. Suppose 4*x = 7*x + 9. Give b(x).
-3
Let m(s) = -s**2 - 7*s - 3